{"id":97,"date":"2022-09-17T16:56:25","date_gmt":"2022-09-17T14:56:25","guid":{"rendered":"https:\/\/www.ktv-ternberg.at\/?page_id=97"},"modified":"2022-09-17T16:56:25","modified_gmt":"2022-09-17T14:56:25","slug":"info-kabelanlage","status":"publish","type":"page","link":"https:\/\/www.ktv-ternberg.at\/index.php\/info-kabelanlage\/","title":{"rendered":"Info-Kabelanlage"},"content":{"rendered":"\n<h2 class=\"wp-block-heading\">Mitgliederinformation: Kabel-TV Hausverteilung<\/h2>\n\n\n\n<h3 class=\"wp-block-heading\">Wenn das Kabel-TV nicht richtig funktioniert \u2026.&nbsp;<\/h3>\n\n\n\n<p>Sollten Sie Probleme mit dem Fernseh\u2013 bzw. Rundfunkempfang haben, \u00fcberpr\u00fcfen Sie bitte vorerst die Antennenanschlusskabel von der Antennendose zum Videorekorder bzw. Fernsehger\u00e4t oder zur Stereoanlage. Achten Sie auch darauf, dass diese Kabel f\u00fcr den Kabel-TV Einsatz geeignet sind. Informieren Sie sich gegebenenfalls bei Ihrer Radio\/Fernsehfachwerkst\u00e4tte.Pr\u00fcfen Sie, ob das Ger\u00e4t hinsichtlich Feinabstimmung, Kontrast, Helligkeit und Lautst\u00e4rke richtig eingestellt ist. Im Zweifelsfall nehmen Sie bitte die Bedienungsanleitung Ihres Ger\u00e4tes zu Hilfe oder fragen Sie Ihre Radio\/Fernsehfachwerkst\u00e4tte.Wir beheben im Rahmen unseres Servicedienstes selbstverst\u00e4ndlich alle Probleme von der Kopfstation bis zum Haus\u00fcbergabepunkt unserer Teilnehmer kostenlos. Dieser Haus\u00fcbergabepunkt befindet sich meist im Keller oder am Dachboden. Sollten sich Fehler in der Hausverteilungsanlage befinden, wie z.B. schadhafte Verteiler, falsche Antennensteckdosen, falsche Koaxialkabel oder zu viele Anschl\u00fcsse ohne Hausverst\u00e4rker, dann ist diese Reparatur kostenpflichtig und vom Teilnehmer bzw. Wohnungsbesitzer selbst zu tragen.&nbsp;<\/p>\n\n\n\n<h3 class=\"wp-block-heading\"><sup>Manipulationen an der Kabel-TV Hausverteilung &#8230;.&nbsp;<\/sup><\/h3>\n\n\n\n<p>Da wir das Fernsehkabelnetz (Multimediadatennetz) auch in R\u00fcckw\u00e4rtsrichtung betreiben, ist bei Installation bzw. bei \u00c4nderungen in der Hausverteilung gr\u00f6\u00dfte Sorgfalt von N\u00f6ten.Manipulationen an den Datendosen (auch die Demontage von Datendosen) und deren Zuleitungen k\u00f6nnen unter Umst\u00e4nden zu St\u00f6rungen der gesamten Datendienste f\u00fchren.In besch\u00e4digte (geknickte, unsachgem\u00e4\u00df verbundene, falsch abgeschlossene, &#8230;) Koaxialkabel treten Funkwellen (CB-Funk, Kurzwellensender, St\u00f6rungen von Haushaltsger\u00e4ten, &#8230;) ein (Ingress) und werden \u00fcber die R\u00fcckkanalverst\u00e4rker bis zur Kopfstation \u00fcbertragen. Der so eingefangene \u201eM\u00fcll\u201c kann u.U. die Kommunikation der Datenmodems (Internetbetrieb) st\u00f6ren.Da das Auffinden von so genannten \u201eLeckagen\u201c im Kabelnetz einen aufwendigen Personal- und Messger\u00e4teeinsatz erfordert muss der Verursacher mit erheblichen Kosten rechnen!<\/p>\n\n\n\n<p>Im Breitbandkommunikationsnetz (Kabelfernsehnetz) der KTV-Ternberg d\u00fcrfen nur Kabel der Klasse A++ &nbsp;und Bauteile der Klasse A verwendet werden!&nbsp;<\/p>\n\n\n\n<p><strong>\u00c4nderungen (Neuerstellung bzw. Erweiterungen) erfordern eine Bewilligung der Kabel-TV Ternberg (siehe Anschlussbedingungen)!&nbsp;<\/strong><\/p>\n\n\n\n<p>F\u00fcr die Einhaltung der jeweils g\u00fcltigen Sicherheitsvorschriften (z.B.&nbsp; Potentialausgleich, Erdung, \u2026) ist in jedem Fall der Hersteller der Anlage verantwortlich.&nbsp;Sollten Sie \u00c4nderungen bzw. Erweiterungen ihrer Hausverteilung w\u00fcnschen, so setzen Sie sich bitte mit uns in Verbindung.&nbsp;<\/p>\n\n\n\n<h3 class=\"wp-block-heading\">Achtung bei Grabungsarbeiten &#8230;.&nbsp;<\/h3>\n\n\n\n<p>Da Fernsehkoaxialkabel der KTV-Ternberg oftmals \u00fcber Privatgrundst\u00fccke gef\u00fchrt sind, ist bei Grabungst\u00e4tigkeit gr\u00f6\u00dfte Vorsicht geboten. Diese Einbauten werden bei rechtzeitiger Bekanntgabe der Grabungsarbeiten von uns bzw. unserem Servicepartner ausgemessen und markiert.&nbsp;<\/p>\n\n\n\n<p><strong>Reparaturen von Hauptkabeln sind kostspielig (Abgeltung auch von Folgesch\u00e4den) und vom Verursacher zu tragen!<\/strong><\/p>\n","protected":false},"excerpt":{"rendered":"<p>Mitgliederinformation: Kabel-TV Hausverteilung Wenn das Kabel-TV nicht richtig funktioniert \u2026.&nbsp; Sollten Sie Probleme mit dem Fernseh\u2013 bzw. Rundfunkempfang haben, \u00fcberpr\u00fcfen Sie bitte vorerst die Antennenanschlusskabel von der Antennendose zum Videorekorder bzw. Fernsehger\u00e4t oder zur Stereoanlage. Achten Sie auch darauf, dass diese Kabel f\u00fcr den Kabel-TV Einsatz geeignet sind. Informieren Sie sich gegebenenfalls bei Ihrer Radio\/Fernsehfachwerkst\u00e4tte.Pr\u00fcfen&hellip;&nbsp;<a href=\"https:\/\/www.ktv-ternberg.at\/index.php\/info-kabelanlage\/\" rel=\"bookmark\">Weiterlesen &raquo;<span class=\"screen-reader-text\">Info-Kabelanlage<\/span><\/a><\/p>\n","protected":false},"author":1,"featured_media":0,"parent":0,"menu_order":0,"comment_status":"closed","ping_status":"closed","template":"","meta":{"neve_meta_sidebar":"","neve_meta_container":"","neve_meta_enable_content_width":"","neve_meta_content_width":0,"neve_meta_title_alignment":"","neve_meta_author_avatar":"","neve_post_elements_order":"","neve_meta_disable_header":"","neve_meta_disable_footer":"","neve_meta_disable_title":"","footnotes":""},"class_list":["post-97","page","type-page","status-publish","hentry"],"_links":{"self":[{"href":"https:\/\/www.ktv-ternberg.at\/index.php\/wp-json\/wp\/v2\/pages\/97","targetHints":{"allow":["GET"]}}],"collection":[{"href":"https:\/\/www.ktv-ternberg.at\/index.php\/wp-json\/wp\/v2\/pages"}],"about":[{"href":"https:\/\/www.ktv-ternberg.at\/index.php\/wp-json\/wp\/v2\/types\/page"}],"author":[{"embeddable":true,"href":"https:\/\/www.ktv-ternberg.at\/index.php\/wp-json\/wp\/v2\/users\/1"}],"replies":[{"embeddable":true,"href":"https:\/\/www.ktv-ternberg.at\/index.php\/wp-json\/wp\/v2\/comments?post=97"}],"version-history":[{"count":1,"href":"https:\/\/www.ktv-ternberg.at\/index.php\/wp-json\/wp\/v2\/pages\/97\/revisions"}],"predecessor-version":[{"id":98,"href":"https:\/\/www.ktv-ternberg.at\/index.php\/wp-json\/wp\/v2\/pages\/97\/revisions\/98"}],"wp:attachment":[{"href":"https:\/\/www.ktv-ternberg.at\/index.php\/wp-json\/wp\/v2\/media?parent=97"}],"curies":[{"name":"wp","href":"https:\/\/api.w.org\/{rel}","templated":true}]}}