{"id":95,"date":"2022-09-17T16:55:34","date_gmt":"2022-09-17T14:55:34","guid":{"rendered":"https:\/\/www.ktv-ternberg.at\/?page_id=95"},"modified":"2022-09-17T16:55:34","modified_gmt":"2022-09-17T14:55:34","slug":"informationskanal","status":"publish","type":"page","link":"https:\/\/www.ktv-ternberg.at\/index.php\/informationskanal\/","title":{"rendered":"Informationskanal"},"content":{"rendered":"\n<h2 class=\"wp-block-heading\">Kabel-TV-Ternberg Informationskanal<\/h2>\n\n\n\n<p>Falls Sie Einschaltungen (Werbungen, Ank\u00fcndigungen, Gl\u00fcckw\u00fcnsche&#8230;) f\u00fcr den Ternberger INFORMATIONSKANAL vorbereiten, sollten Sie folgendes beachten:<\/p>\n\n\n\n<p>Die Bilder sind mit Bildbearbeitungsprogrammen (Paint, Photoshop,..) im HD &#8211; Format 1920&#215;1080 Pixel (Querformat) zu erstellen. Das Bilddateiformat &#8222;.jpg&#8220; eignet sich zum Versenden (Dateigr\u00f6\u00dfe) via e-mail am Besten. Es k\u00f6nnen aber auch Bitmaps (.bmp) oder andere Bilddateiformate eingespielt werden.<\/p>\n\n\n\n<p>Da\u00a0 \u00e4ltere TV-Ger\u00e4te nicht die hohe Aufl\u00f6sung von PC-Monitore besitzen sollten Sie die Schriftgr\u00f6\u00dfe nicht zu klein w\u00e4hlen.Weiters sollte der Text nicht bis an die R\u00e4nder des Bildes reichen, da die Fernsehger\u00e4te nicht das gesamte Bild\u00a0 wiedergeben.<\/p>\n\n\n\n<p>Die erstellten Bilddateien senden Sie via E-MAIL an:<\/p>\n\n\n\n<p><a href=\"mailto:infokanal@ktv-ternberg.at\">infokanal@ktv-ternberg.at<\/a><\/p>\n\n\n\n<p>Betreff: Einschaltung<\/p>\n\n\n\n<p>Anfragen bez\u00fcglich INFORMATIONSKANAL richten Sie bitte an:<\/p>\n\n\n\n<p>Renate Wei\u00dfensteiner, Telefon 0650 4140179<\/p>\n\n\n\n<p>Bruno Wiltschko, Telefon 07256\/7111<\/p>\n","protected":false},"excerpt":{"rendered":"<p>Kabel-TV-Ternberg Informationskanal Falls Sie Einschaltungen (Werbungen, Ank\u00fcndigungen, Gl\u00fcckw\u00fcnsche&#8230;) f\u00fcr den Ternberger INFORMATIONSKANAL vorbereiten, sollten Sie folgendes beachten: Die Bilder sind mit Bildbearbeitungsprogrammen (Paint, Photoshop,..) im HD &#8211; Format 1920&#215;1080 Pixel (Querformat) zu erstellen. Das Bilddateiformat &#8222;.jpg&#8220; eignet sich zum Versenden (Dateigr\u00f6\u00dfe) via e-mail am Besten. Es k\u00f6nnen aber auch Bitmaps (.bmp) oder andere Bilddateiformate eingespielt&hellip;&nbsp;<a href=\"https:\/\/www.ktv-ternberg.at\/index.php\/informationskanal\/\" rel=\"bookmark\">Weiterlesen &raquo;<span class=\"screen-reader-text\">Informationskanal<\/span><\/a><\/p>\n","protected":false},"author":1,"featured_media":0,"parent":0,"menu_order":0,"comment_status":"closed","ping_status":"closed","template":"","meta":{"neve_meta_sidebar":"","neve_meta_container":"","neve_meta_enable_content_width":"","neve_meta_content_width":0,"neve_meta_title_alignment":"","neve_meta_author_avatar":"","neve_post_elements_order":"","neve_meta_disable_header":"","neve_meta_disable_footer":"","neve_meta_disable_title":"","footnotes":""},"class_list":["post-95","page","type-page","status-publish","hentry"],"_links":{"self":[{"href":"https:\/\/www.ktv-ternberg.at\/index.php\/wp-json\/wp\/v2\/pages\/95","targetHints":{"allow":["GET"]}}],"collection":[{"href":"https:\/\/www.ktv-ternberg.at\/index.php\/wp-json\/wp\/v2\/pages"}],"about":[{"href":"https:\/\/www.ktv-ternberg.at\/index.php\/wp-json\/wp\/v2\/types\/page"}],"author":[{"embeddable":true,"href":"https:\/\/www.ktv-ternberg.at\/index.php\/wp-json\/wp\/v2\/users\/1"}],"replies":[{"embeddable":true,"href":"https:\/\/www.ktv-ternberg.at\/index.php\/wp-json\/wp\/v2\/comments?post=95"}],"version-history":[{"count":1,"href":"https:\/\/www.ktv-ternberg.at\/index.php\/wp-json\/wp\/v2\/pages\/95\/revisions"}],"predecessor-version":[{"id":96,"href":"https:\/\/www.ktv-ternberg.at\/index.php\/wp-json\/wp\/v2\/pages\/95\/revisions\/96"}],"wp:attachment":[{"href":"https:\/\/www.ktv-ternberg.at\/index.php\/wp-json\/wp\/v2\/media?parent=95"}],"curies":[{"name":"wp","href":"https:\/\/api.w.org\/{rel}","templated":true}]}}