{"id":37,"date":"2022-08-05T12:13:43","date_gmt":"2022-08-05T10:13:43","guid":{"rendered":"https:\/\/www.ktv-ternberg.at\/?page_id=37"},"modified":"2023-03-09T19:08:10","modified_gmt":"2023-03-09T18:08:10","slug":"radio-tv","status":"publish","type":"page","link":"https:\/\/www.ktv-ternberg.at\/index.php\/radio-tv\/","title":{"rendered":"Radio &#038; TV"},"content":{"rendered":"<div class=\"wp-block-image is-style-default\">\n<figure class=\"aligncenter size-medium is-resized\"><img loading=\"lazy\" decoding=\"async\" src=\"https:\/\/www.ktv-ternberg.at\/wp-content\/uploads\/2023\/03\/Radio-3-300x254.jpg\" alt=\"\" class=\"wp-image-313\" width=\"385\" height=\"327\" srcset=\"https:\/\/www.ktv-ternberg.at\/wp-content\/uploads\/2023\/03\/Radio-3-300x254.jpg 300w, https:\/\/www.ktv-ternberg.at\/wp-content\/uploads\/2023\/03\/Radio-3-1024x868.jpg 1024w, https:\/\/www.ktv-ternberg.at\/wp-content\/uploads\/2023\/03\/Radio-3-768x651.jpg 768w, https:\/\/www.ktv-ternberg.at\/wp-content\/uploads\/2023\/03\/Radio-3-1536x1302.jpg 1536w, https:\/\/www.ktv-ternberg.at\/wp-content\/uploads\/2023\/03\/Radio-3-2048x1735.jpg 2048w\" sizes=\"auto, (max-width: 385px) 100vw, 385px\" \/><\/figure>\n<\/div>\n\n\n<p>Radio &amp; TV ist die Grundvoraussetzung f\u00fcr alle Leistungen, die Sie von Kabel-TV Ternberg erhalten k\u00f6nnen!<\/p>\n\n\n\n<p>\u00dcber das Multimediakabelnetz empfangen Sie hunderte digitale Fernseh- und Radioprogramme, darunter auch Lokalprogramme wie RTV und unseren Infokanal (inklusive TERNBERGTEXT) auch bei schlechter Witterung in hervorragender Bild- und Tonqualit\u00e4t. Wir bieten auch noch&nbsp;analoge&nbsp;Fernseh- und Radioprogramme (UKW).<\/p>\n\n\n\n<p>Ihr Kabelfernsehbeitrag dient zur Abdeckung der Wartungsarbeiten, der Erweiterung der Anlage, der Stromkosten und der Abdeckung der Geb\u00fchren (AKM, Literar-Mechana, K\u00fcnstlersozialversicherung,&#8230;) und Steuern.<\/p>\n","protected":false},"excerpt":{"rendered":"<p>Radio &amp; TV ist die Grundvoraussetzung f\u00fcr alle Leistungen, die Sie von Kabel-TV Ternberg erhalten k\u00f6nnen! \u00dcber das Multimediakabelnetz empfangen Sie hunderte digitale Fernseh- und Radioprogramme, darunter auch Lokalprogramme wie RTV und unseren Infokanal (inklusive TERNBERGTEXT) auch bei schlechter Witterung in hervorragender Bild- und Tonqualit\u00e4t. Wir bieten auch noch&nbsp;analoge&nbsp;Fernseh- und Radioprogramme (UKW). Ihr Kabelfernsehbeitrag dient&hellip;&nbsp;<a href=\"https:\/\/www.ktv-ternberg.at\/index.php\/radio-tv\/\" rel=\"bookmark\">Weiterlesen &raquo;<span class=\"screen-reader-text\">Radio &#038; TV<\/span><\/a><\/p>\n","protected":false},"author":1,"featured_media":0,"parent":0,"menu_order":0,"comment_status":"closed","ping_status":"closed","template":"","meta":{"neve_meta_sidebar":"","neve_meta_container":"","neve_meta_enable_content_width":"","neve_meta_content_width":0,"neve_meta_title_alignment":"","neve_meta_author_avatar":"","neve_post_elements_order":"","neve_meta_disable_header":"","neve_meta_disable_footer":"","neve_meta_disable_title":"","footnotes":""},"class_list":["post-37","page","type-page","status-publish","hentry"],"_links":{"self":[{"href":"https:\/\/www.ktv-ternberg.at\/index.php\/wp-json\/wp\/v2\/pages\/37","targetHints":{"allow":["GET"]}}],"collection":[{"href":"https:\/\/www.ktv-ternberg.at\/index.php\/wp-json\/wp\/v2\/pages"}],"about":[{"href":"https:\/\/www.ktv-ternberg.at\/index.php\/wp-json\/wp\/v2\/types\/page"}],"author":[{"embeddable":true,"href":"https:\/\/www.ktv-ternberg.at\/index.php\/wp-json\/wp\/v2\/users\/1"}],"replies":[{"embeddable":true,"href":"https:\/\/www.ktv-ternberg.at\/index.php\/wp-json\/wp\/v2\/comments?post=37"}],"version-history":[{"count":3,"href":"https:\/\/www.ktv-ternberg.at\/index.php\/wp-json\/wp\/v2\/pages\/37\/revisions"}],"predecessor-version":[{"id":319,"href":"https:\/\/www.ktv-ternberg.at\/index.php\/wp-json\/wp\/v2\/pages\/37\/revisions\/319"}],"wp:attachment":[{"href":"https:\/\/www.ktv-ternberg.at\/index.php\/wp-json\/wp\/v2\/media?parent=37"}],"curies":[{"name":"wp","href":"https:\/\/api.w.org\/{rel}","templated":true}]}}

<div class="wp-block-image is-style-default">
<figure class="aligncenter size-medium is-resized"><img loading="lazy" decoding="async" src="https://www.ktv-ternberg.at/wp-content/uploads/2023/03/Radio-3-300x254.jpg" alt="" class="wp-image-313" width="385" height="327" srcset="https://www.ktv-ternberg.at/wp-content/uploads/2023/03/Radio-3-300x254.jpg 300w, https://www.ktv-ternberg.at/wp-content/uploads/2023/03/Radio-3-1024x868.jpg 1024w, https://www.ktv-ternberg.at/wp-content/uploads/2023/03/Radio-3-768x651.jpg 768w, https://www.ktv-ternberg.at/wp-content/uploads/2023/03/Radio-3-1536x1302.jpg 1536w, https://www.ktv-ternberg.at/wp-content/uploads/2023/03/Radio-3-2048x1735.jpg 2048w" sizes="auto, (max-width: 385px) 100vw, 385px" /></figure>
</div>


<p>Radio &amp; TV ist die Grundvoraussetzung für alle Leistungen, die Sie von Kabel-TV Ternberg erhalten können!</p>



<p>Über das Multimediakabelnetz empfangen Sie hunderte digitale Fernseh- und Radioprogramme, darunter auch Lokalprogramme wie RTV und unseren Infokanal (inklusive TERNBERGTEXT) auch bei schlechter Witterung in hervorragender Bild- und Tonqualität. Wir bieten auch noch&nbsp;analoge&nbsp;Fernseh- und Radioprogramme (UKW).</p>



<p>Ihr Kabelfernsehbeitrag dient zur Abdeckung der Wartungsarbeiten, der Erweiterung der Anlage, der Stromkosten und der Abdeckung der Gebühren (AKM, Literar-Mechana, Künstlersozialversicherung,&#8230;) und Steuern.</p>

<p>Radio &amp; TV ist die Grundvoraussetzung für alle Leistungen, die Sie von Kabel-TV Ternberg erhalten können! Über das Multimediakabelnetz empfangen Sie hunderte digitale Fernseh- und Radioprogramme, darunter auch Lokalprogramme wie RTV und unseren Infokanal (inklusive TERNBERGTEXT) auch bei schlechter Witterung in hervorragender Bild- und Tonqualität. Wir bieten auch noch&nbsp;analoge&nbsp;Fernseh- und Radioprogramme (UKW). Ihr Kabelfernsehbeitrag dient&hellip;&nbsp;<a href="https://www.ktv-ternberg.at/index.php/radio-tv/" rel="bookmark">Weiterlesen &raquo;<span class="screen-reader-text">Radio &#038; TV</span></a></p>
